{"id":1271,"date":"2024-10-09T17:23:06","date_gmt":"2024-10-09T15:23:06","guid":{"rendered":"https:\/\/www.foyerruralarvert.fr\/accueil\/?page_id=1271"},"modified":"2026-03-17T10:59:07","modified_gmt":"2026-03-17T09:59:07","slug":"hip-hop","status":"publish","type":"page","link":"https:\/\/www.foyerruralarvert.fr\/accueil\/hip-hop\/","title":{"rendered":"Hip &#8211; Hop"},"content":{"rendered":"\n<div class=\"wp-block-uagb-image aligncenter uagb-block-b2919893 wp-block-uagb-image--layout-default wp-block-uagb-image--effect-static wp-block-uagb-image--align-center\"><figure class=\"wp-block-uagb-image__figure\"><img decoding=\"async\" srcset=\"https:\/\/www.foyerruralarvert.fr\/wp-content\/uploads\/2024\/10\/logo-HIP-HOP-.jpg ,https:\/\/www.foyerruralarvert.fr\/wp-content\/uploads\/2024\/10\/logo-HIP-HOP-.jpg 780w, https:\/\/www.foyerruralarvert.fr\/wp-content\/uploads\/2024\/10\/logo-HIP-HOP-.jpg 360w\" sizes=\"auto, (max-width: 480px) 150px\" src=\"https:\/\/www.foyerruralarvert.fr\/wp-content\/uploads\/2024\/10\/logo-HIP-HOP-.jpg\" alt=\"\" class=\"uag-image-1562\" width=\"612\" height=\"416\" title=\"Pride flag. LGBT sign. Lesbian gay bisexual and transgender community colors\" loading=\"lazy\" role=\"img\"\/><\/figure><\/div>\n\n\n\n<p><\/p>\n\n\n\n<p class=\"has-text-align-center has-medium-font-size\"><strong>Animateur : Souleymane BENGALI-MEURILLON<br>Quand ?  Mardi 17h15 &#8211; 18h45<br>O\u00f9? Salle des f\u00eates d&rsquo;ARVERT<\/strong><\/p>\n\n\n\n<p class=\"has-text-align-center has-medium-font-size\" style=\"padding-right:var(--wp--preset--spacing--80);padding-left:var(--wp--preset--spacing--80)\"><strong>pour les enfants de 7 \u00e0 12 ans<\/strong><\/p>\n\n\n\n<p class=\"has-text-align-center has-black-color has-text-color has-link-color has-medium-font-size wp-elements-971df6dbeb697f22ae1c756365ed1bc3\" style=\"padding-top:0;padding-bottom:0\"><strong><mark style=\"background-color:rgba(0, 0, 0, 0)\" class=\"has-inline-color has-ast-global-color-2-color\">Tarifs : 165 \u20ac \u00e0 l&rsquo;ann\u00e9e (1 s\u00e9ance par semaine ) <\/mark><\/strong><br><mark style=\"background-color:rgba(0, 0, 0, 0);color:#cf2e2e\" class=\"has-inline-color\">Tarif pr\u00e9f\u00e9rentiel suivant quotient familial<a href=\"https:\/\/www.foyerruralarvert.fr\/accueil\/tarifs\/\" data-type=\"page\" data-id=\"554\" target=\"_blank\" rel=\"noreferrer noopener\"> tarifs<\/a><\/mark><\/p>\n\n\n\n<p class=\"has-text-align-center has-medium-font-size\" style=\"padding-right: var(--wp--preset--spacing--60); padding-left: var(--wp--preset--spacing--60);\">\u00a0 \u00a0 \u00a0 \u00a0 \u00a0 \u00a0Possibilit\u00e9 de r\u00e8glement par par 3 ch\u00e8ques de 55 \u20ac chacun<\/p>\n\n\n\n<p class=\"has-text-align-center has-medium-font-size\" style=\"padding-right:var(--wp--preset--spacing--80);padding-left:var(--wp--preset--spacing--80)\"><strong>Renseignements et Inscriptions aupr\u00e8s du bureau du FOYER RURAL D&rsquo;ARVERT<\/strong><br><strong> les lundi, jeudi et samedi de 9h30 \u00e0 12H00<\/strong><\/p>\n\n\n\n<p class=\"has-text-align-center has-medium-font-size\"><strong><mark style=\"background-color:rgba(0, 0, 0, 0);color:#f80d0d\" class=\"has-inline-color\">&nbsp; &nbsp;Un Questionnaire Sant\u00e9-Sport obligatoire \u00e0 remplir lors de votre inscription aupr\u00e8s du bureau.&nbsp;<\/mark><\/strong><\/p>\n\n\n\n<p class=\"has-text-align-center has-x-large-font-size\"><a href=\"https:\/\/www.foyerruralarvert.fr\/act\" data-type=\"link\" data-id=\"https:\/\/www.foyerruralarvert.fr\/act\"><strong>Retour<\/strong> <img loading=\"lazy\" decoding=\"async\" width=\"50\" height=\"50\" class=\"wp-image-577\" style=\"width: 50px;\" src=\"https:\/\/www.foyerruralarvert.fr\/wp-content\/uploads\/2024\/03\/retour.png\" alt=\"\" srcset=\"https:\/\/www.foyerruralarvert.fr\/wp-content\/uploads\/2024\/03\/retour.png 256w, https:\/\/www.foyerruralarvert.fr\/wp-content\/uploads\/2024\/03\/retour-150x150.png 150w\" sizes=\"auto, (max-width: 50px) 100vw, 50px\" \/><\/a><\/p>\n","protected":false},"excerpt":{"rendered":"<p>Animateur : Souleymane BENGALI-MEURILLONQuand ? Mardi 17h15 &#8211; 18h45O\u00f9? Salle des f\u00eates d&rsquo;ARVERT pour les enfants de 7 \u00e0 12 ans Tarifs : 165 \u20ac \u00e0 l&rsquo;ann\u00e9e (1 s\u00e9ance par [&hellip;]<\/p>\n","protected":false},"author":1,"featured_media":0,"parent":0,"menu_order":0,"comment_status":"closed","ping_status":"closed","template":"","meta":{"_uag_custom_page_level_css":"","site-sidebar-layout":"default","site-content-layout":"","ast-site-content-layout":"default","site-content-style":"default","site-sidebar-style":"default","ast-global-header-display":"","ast-banner-title-visibility":"","ast-main-header-display":"","ast-hfb-above-header-display":"","ast-hfb-below-header-display":"","ast-hfb-mobile-header-display":"","site-post-title":"","ast-breadcrumbs-content":"","ast-featured-img":"","footer-sml-layout":"","ast-disable-related-posts":"","theme-transparent-header-meta":"","adv-header-id-meta":"","stick-header-meta":"","header-above-stick-meta":"","header-main-stick-meta":"","header-below-stick-meta":"","astra-migrate-meta-layouts":"default","ast-page-background-enabled":"default","ast-page-background-meta":{"desktop":{"background-color":"var(--ast-global-color-4)","background-image":"","background-repeat":"repeat","background-position":"center center","background-size":"auto","background-attachment":"scroll","background-type":"","background-media":"","overlay-type":"","overlay-color":"","overlay-opacity":"","overlay-gradient":""},"tablet":{"background-color":"","background-image":"","background-repeat":"repeat","background-position":"center center","background-size":"auto","background-attachment":"scroll","background-type":"","background-media":"","overlay-type":"","overlay-color":"","overlay-opacity":"","overlay-gradient":""},"mobile":{"background-color":"","background-image":"","background-repeat":"repeat","background-position":"center center","background-size":"auto","background-attachment":"scroll","background-type":"","background-media":"","overlay-type":"","overlay-color":"","overlay-opacity":"","overlay-gradient":""}},"ast-content-background-meta":{"desktop":{"background-color":"var(--ast-global-color-5)","background-image":"","background-repeat":"repeat","background-position":"center center","background-size":"auto","background-attachment":"scroll","background-type":"","background-media":"","overlay-type":"","overlay-color":"","overlay-opacity":"","overlay-gradient":""},"tablet":{"background-color":"var(--ast-global-color-5)","background-image":"","background-repeat":"repeat","background-position":"center center","background-size":"auto","background-attachment":"scroll","background-type":"","background-media":"","overlay-type":"","overlay-color":"","overlay-opacity":"","overlay-gradient":""},"mobile":{"background-color":"var(--ast-global-color-5)","background-image":"","background-repeat":"repeat","background-position":"center center","background-size":"auto","background-attachment":"scroll","background-type":"","background-media":"","overlay-type":"","overlay-color":"","overlay-opacity":"","overlay-gradient":""}},"footnotes":""},"class_list":["post-1271","page","type-page","status-publish","hentry"],"uagb_featured_image_src":{"full":false,"thumbnail":false,"medium":false,"medium_large":false,"large":false,"1536x1536":false,"2048x2048":false},"uagb_author_info":{"display_name":"foyerrural","author_link":"https:\/\/www.foyerruralarvert.fr\/accueil\/author\/foyerrural\/"},"uagb_comment_info":0,"uagb_excerpt":"Animateur : Souleymane BENGALI-MEURILLONQuand ? Mardi 17h15 &#8211; 18h45O\u00f9? Salle des f\u00eates d&rsquo;ARVERT pour les enfants de 7 \u00e0 12 ans Tarifs : 165 \u20ac \u00e0 l&rsquo;ann\u00e9e (1 s\u00e9ance par [&hellip;]","_links":{"self":[{"href":"https:\/\/www.foyerruralarvert.fr\/accueil\/wp-json\/wp\/v2\/pages\/1271","targetHints":{"allow":["GET"]}}],"collection":[{"href":"https:\/\/www.foyerruralarvert.fr\/accueil\/wp-json\/wp\/v2\/pages"}],"about":[{"href":"https:\/\/www.foyerruralarvert.fr\/accueil\/wp-json\/wp\/v2\/types\/page"}],"author":[{"embeddable":true,"href":"https:\/\/www.foyerruralarvert.fr\/accueil\/wp-json\/wp\/v2\/users\/1"}],"replies":[{"embeddable":true,"href":"https:\/\/www.foyerruralarvert.fr\/accueil\/wp-json\/wp\/v2\/comments?post=1271"}],"version-history":[{"count":27,"href":"https:\/\/www.foyerruralarvert.fr\/accueil\/wp-json\/wp\/v2\/pages\/1271\/revisions"}],"predecessor-version":[{"id":4254,"href":"https:\/\/www.foyerruralarvert.fr\/accueil\/wp-json\/wp\/v2\/pages\/1271\/revisions\/4254"}],"wp:attachment":[{"href":"https:\/\/www.foyerruralarvert.fr\/accueil\/wp-json\/wp\/v2\/media?parent=1271"}],"curies":[{"name":"wp","href":"https:\/\/api.w.org\/{rel}","templated":true}]}}

<div class="wp-block-uagb-image aligncenter uagb-block-b2919893 wp-block-uagb-image--layout-default wp-block-uagb-image--effect-static wp-block-uagb-image--align-center"><figure class="wp-block-uagb-image__figure"><img decoding="async" srcset="https://www.foyerruralarvert.fr/wp-content/uploads/2024/10/logo-HIP-HOP-.jpg ,https://www.foyerruralarvert.fr/wp-content/uploads/2024/10/logo-HIP-HOP-.jpg 780w, https://www.foyerruralarvert.fr/wp-content/uploads/2024/10/logo-HIP-HOP-.jpg 360w" sizes="auto, (max-width: 480px) 150px" src="https://www.foyerruralarvert.fr/wp-content/uploads/2024/10/logo-HIP-HOP-.jpg" alt="" class="uag-image-1562" width="612" height="416" title="Pride flag. LGBT sign. Lesbian gay bisexual and transgender community colors" loading="lazy" role="img"/></figure></div>



<p></p>



<p class="has-text-align-center has-medium-font-size"><strong>Animateur : Souleymane BENGALI-MEURILLON<br>Quand ?  Mardi 17h15 &#8211; 18h45<br>Où? Salle des fêtes d&rsquo;ARVERT</strong></p>



<p class="has-text-align-center has-medium-font-size" style="padding-right:var(--wp--preset--spacing--80);padding-left:var(--wp--preset--spacing--80)"><strong>pour les enfants de 7 à 12 ans</strong></p>



<p class="has-text-align-center has-black-color has-text-color has-link-color has-medium-font-size wp-elements-971df6dbeb697f22ae1c756365ed1bc3" style="padding-top:0;padding-bottom:0"><strong><mark style="background-color:rgba(0, 0, 0, 0)" class="has-inline-color has-ast-global-color-2-color">Tarifs : 165 € à l&rsquo;année (1 séance par semaine ) </mark></strong><br><mark style="background-color:rgba(0, 0, 0, 0);color:#cf2e2e" class="has-inline-color">Tarif préférentiel suivant quotient familial<a href="https://www.foyerruralarvert.fr/accueil/tarifs/" data-type="page" data-id="554" target="_blank" rel="noreferrer noopener"> tarifs</a></mark></p>



<p class="has-text-align-center has-medium-font-size" style="padding-right: var(--wp--preset--spacing--60); padding-left: var(--wp--preset--spacing--60);">           Possibilité de règlement par par 3 chèques de 55 € chacun</p>



<p class="has-text-align-center has-medium-font-size" style="padding-right:var(--wp--preset--spacing--80);padding-left:var(--wp--preset--spacing--80)"><strong>Renseignements et Inscriptions auprès du bureau du FOYER RURAL D&rsquo;ARVERT</strong><br><strong> les lundi, jeudi et samedi de 9h30 à 12H00</strong></p>



<p class="has-text-align-center has-medium-font-size"><strong><mark style="background-color:rgba(0, 0, 0, 0);color:#f80d0d" class="has-inline-color">&nbsp; &nbsp;Un Questionnaire Santé-Sport obligatoire à remplir lors de votre inscription auprès du bureau.&nbsp;</mark></strong></p>



<p class="has-text-align-center has-x-large-font-size"><a href="https://www.foyerruralarvert.fr/act" data-type="link" data-id="https://www.foyerruralarvert.fr/act"><strong>Retour</strong> <img loading="lazy" decoding="async" width="50" height="50" class="wp-image-577" style="width: 50px;" src="https://www.foyerruralarvert.fr/wp-content/uploads/2024/03/retour.png" alt="" srcset="https://www.foyerruralarvert.fr/wp-content/uploads/2024/03/retour.png 256w, https://www.foyerruralarvert.fr/wp-content/uploads/2024/03/retour-150x150.png 150w" sizes="auto, (max-width: 50px) 100vw, 50px" /></a></p>

<p>Animateur : Souleymane BENGALI-MEURILLONQuand ? Mardi 17h15 &#8211; 18h45Où? Salle des fêtes d&rsquo;ARVERT pour les enfants de 7 à 12 ans Tarifs : 165 € à l&rsquo;année (1 séance par [&hellip;]</p>

Animateur : Souleymane BENGALI-MEURILLONQuand ? Mardi 17h15 &#8211; 18h45Où? Salle des fêtes d&rsquo;ARVERT pour les enfants de 7 à 12 ans Tarifs : 165 € à l&rsquo;année (1 séance par [&hellip;]
