{"id":343,"date":"2024-03-01T15:26:37","date_gmt":"2024-03-01T14:26:37","guid":{"rendered":"https:\/\/frarvert.synology.me\/wordpress\/?page_id=343"},"modified":"2026-03-15T03:21:50","modified_gmt":"2026-03-15T02:21:50","slug":"peinture-sur-soie","status":"publish","type":"page","link":"https:\/\/www.foyerruralarvert.fr\/accueil\/peinture-sur-soie\/","title":{"rendered":"Peinture sur soie"},"content":{"rendered":"\n<div class=\"wp-block-uagb-image aligncenter uagb-block-d4ebb561 wp-block-uagb-image--layout-default wp-block-uagb-image--effect-static wp-block-uagb-image--align-center\"><figure class=\"wp-block-uagb-image__figure\"><img decoding=\"async\" srcset=\"https:\/\/www.foyerruralarvert.fr\/wp-content\/uploads\/2024\/10\/peinture-sur-soie--1024x683.jpg ,https:\/\/www.foyerruralarvert.fr\/wp-content\/uploads\/2024\/10\/peinture-sur-soie--scaled.jpg 780w, https:\/\/www.foyerruralarvert.fr\/wp-content\/uploads\/2024\/10\/peinture-sur-soie--scaled.jpg 360w\" sizes=\"auto, (max-width: 480px) 150px\" src=\"https:\/\/www.foyerruralarvert.fr\/wp-content\/uploads\/2024\/10\/peinture-sur-soie--1024x683.jpg\" alt=\"\" class=\"uag-image-1532\" width=\"640\" height=\"426\" title=\"peinture sur soie\" loading=\"lazy\" role=\"img\"\/><\/figure><\/div>\n\n\n\n<p class=\"has-text-align-center has-medium-font-size\" style=\"padding-top:0;padding-right:var(--wp--preset--spacing--70);padding-bottom:0;padding-left:var(--wp--preset--spacing--70)\"><br><strong>Animatrice : Denise\u00a0DELIBES <br>Tel : 05 46 36 47 92 <br>email : denise.andredelibes@orange.fr<\/strong><br><\/p>\n\n\n\n<p class=\"has-text-align-center has-medium-font-size\" style=\"padding-right:var(--wp--preset--spacing--80);padding-left:var(--wp--preset--spacing--80)\"><strong>Quand ? Mercredi et Vendredi de 14h \u00e0 17h&nbsp;<br>O\u00f9 ? Local du Foyer Rural D&rsquo;ARVERT (en haut \u00e0 gauche)<\/strong><\/p>\n\n\n\n<p class=\"has-text-align-left has-luminous-vivid-orange-color has-text-color has-link-color has-medium-font-size wp-elements-66175fb451ea05a027fd8861e6e42320\" style=\"padding-top:var(--wp--preset--spacing--20);padding-right:var(--wp--preset--spacing--70);padding-bottom:var(--wp--preset--spacing--20);padding-left:var(--wp--preset--spacing--70)\"><strong><mark style=\"background-color:rgba(0, 0, 0, 0)\" class=\"has-inline-color has-ast-global-color-1-color\">TECHNIQUE DE LA GUTTA <\/mark><\/strong><\/p>\n\n\n\n<p class=\"has-text-align-left has-medium-font-size\" style=\"padding-top:var(--wp--preset--spacing--20);padding-right:var(--wp--preset--spacing--70);padding-bottom:var(--wp--preset--spacing--20);padding-left:var(--wp--preset--spacing--70)\">La peinture fusant rapidement sur la soie, il est n\u00e9cessaire de pratiquer un barrage limitant son expansion dans les fibres du tissu. Le produit le plus fr\u00e9quemment employ\u00e9 pour r\u00e9aliser le serti des couleurs est la gutta.<br>La gutta est un produit liquide naturellement incolore mais que l\u2019on trouve teint\u00e9e.&nbsp;<br>Apr\u00e8s la r\u00e9alisation du motif au crayon l\u2019\u00e9tape suivante est l\u2019application de la gutta<br>La m\u00e9thode la plus simple est le passage de la gutta \u00e0 la burette sur laquelle est plac\u00e9e une plume normographe afin de r\u00e9gulariser le d\u00e9bit de sortie. Tenez la burette comme un crayon mais pas trop inclin\u00e9e. L\u2019application de la gutta est une op\u00e9ration minutieuse.<\/p>\n\n\n\n<p class=\"has-luminous-vivid-orange-color has-text-color has-link-color has-medium-font-size wp-elements-4532b21b3428980564418d999f194dbf\" style=\"padding-right:var(--wp--preset--spacing--70);padding-left:var(--wp--preset--spacing--70)\"><strong><mark style=\"background-color:rgba(0, 0, 0, 0)\" class=\"has-inline-color has-ast-global-color-1-color\">AUTRE TECHNIQUE : L&rsquo;ANTIFUSANT<\/mark><\/strong><\/p>\n\n\n\n<p class=\"has-black-color has-text-color has-link-color has-medium-font-size wp-elements-aa356218a86acbd0c6dadc2d8459fb83\" style=\"padding-right:var(--wp--preset--spacing--70);padding-left:var(--wp--preset--spacing--70)\">Apr\u00e8s avoir fait le dessin au crayon de papier, appliquer l&rsquo;antifusant, avec un gros pinceau de gauche \u00e0 droite et ensuite apr\u00e8s s\u00e9chage de haut en bas. Apr\u00e8s s\u00e9chage complet, bien peindre comme pour un tableau \u00e0 la peinture \u00e0 l&rsquo;huile.<br>La peinture ne fusera pas.<\/p>\n\n\n\n<p class=\"has-luminous-vivid-orange-color has-text-color has-link-color has-medium-font-size wp-elements-56e98691bc3b8e1afa0ccdd588bbabff\" style=\"padding-right:var(--wp--preset--spacing--70);padding-left:var(--wp--preset--spacing--70)\"><strong><mark style=\"background-color:rgba(0, 0, 0, 0)\" class=\"has-inline-color has-ast-global-color-1-color\">LES COULEURS DE FOND <\/mark><\/strong><\/p>\n\n\n\n<p class=\"has-medium-font-size\" style=\"padding-right:var(--wp--preset--spacing--70);padding-left:var(--wp--preset--spacing--70)\">Les colorants s&rsquo;\u00e9tendent sur la soie au pinceau.&nbsp;Les colorants traditionnels sont diluables \u00e0 l\u2019eau ou \u00e0 l\u2019alcool.&nbsp;Ils peuvent se m\u00e9langer entre eux en une infinit\u00e9 de combinaisons.&nbsp;Il existe dans chaque marque des couleurs de base qui permettent d\u2019obtenir toutes les nuances.&nbsp;Les colorants s\u00e8chent tr\u00e8s vite une fois \u00e9tal\u00e9s sur la base.&nbsp;Il ne faut jamais retoucher au pinceau une surface d\u00e9j\u00e0 s\u00e8che ni poser du colorant \u00e0 c\u00f4t\u00e9 d\u2019une surface s\u00e8che s\u2019il n\u2019y a pas de s\u00e9paration de gutta (afin de ne pas faire d\u2019aur\u00e9oles).<br>Veillez \u00e0 ce que le tissu reste mouill\u00e9 partout.<\/p>\n\n\n\n<p class=\"has-luminous-vivid-orange-color has-text-color has-link-color has-medium-font-size wp-elements-0be22ce95d8c42913bf9a43d4d01caf1\" style=\"padding-right:var(--wp--preset--spacing--70);padding-left:var(--wp--preset--spacing--70)\"><strong><mark style=\"background-color:rgba(0, 0, 0, 0)\" class=\"has-inline-color has-ast-global-color-1-color\">FIXER LES COULEURS <\/mark><\/strong><\/p>\n\n\n\n<p class=\"has-black-color has-text-color has-link-color has-medium-font-size wp-elements-2a4a3f6fc33acceddb1d0b04e8cc6954\" style=\"padding-right:var(--wp--preset--spacing--70);padding-left:var(--wp--preset--spacing--70)\">On fixe les coloris en pla\u00e7ant la soie dans une \u00e9tuve.<br>1) <em>L&rsquo;\u00e9tuve<\/em>,<br>Roulez la soie dans un papier kraft. On peut mettre plusieurs ouvrages en m\u00eame temps. Faire \u00e9tuver pendant 2 H 30 \u00e0 3 H<br>2) <em>La cocotte minute<\/em><br>On ne peut mettre qu&rsquo;un ouvrage \u00e0 la fois.&nbsp;Posez la soie sur une feuille de papier kraft en prenant soin de l\u2019enrouler \u00e0 l\u2019int\u00e9rieur de fa\u00e7on \u00e0 ce que le tissu ne d\u00e9passe pas du tout.&nbsp;<br>a)&nbsp;Fermer le rouleau ainsi constitu\u00e9 et fermer chaque extr\u00e9mit\u00e9 avec du papier d\u2019aluminium.<br>b) Placer le rouleau en le courbant dans le panier de la cocotte.<br>c) Mettre environ 2 cm d\u2019eau au fond de la cocotte et accrocher le panier de fa\u00e7on que le rouleau ne trempe pas dans l\u2019eau.<br>d) Mettre une feuille d\u2019aluminium sur le rouleau pour les prot\u00e9ger des gouttes de condensation.<br>Laisser bouillir 1 H \u00e0 1 H 30.<br>Astuces :<br>1 &#8211;&nbsp;rincer votre soie \u00e0 l\u2019eau claire et s\u00e9cher ensuite \u00e0 plat sur un linge.<br>2 &#8211; afin d\u2019obtenir un meilleur r\u00e9sultat, il est conseill\u00e9 de passer sur la soie un anti-diffusant avant l\u2019application des couleurs (laisser s\u00e9cher puis peindre).<\/p>\n\n\n\n<p class=\"has-medium-font-size\" style=\"padding-right:var(--wp--preset--spacing--70);padding-left:var(--wp--preset--spacing--70)\"><strong><em>Pour les deux m\u00e9thodes<\/em><\/strong><br>1: Laver avec un shampoing doux.<br>2: Rincer jusqu&rsquo;\u00e0 ce que l&rsquo;eau soit claire.<br>3: Faire un dernier rin\u00e7age au vinaigre blanc.<br>4: Repasser la soie encore humide avec un fer chaud, r\u00e9glage sur soie et sans vapeur.<\/p>\n\n\n\n<p class=\"has-text-align-center has-x-large-font-size\"><a href=\"https:\/\/www.foyerruralarvert.fr\/accueil\/activites\/\" data-type=\"page\" data-id=\"72\"><strong>Retour<\/strong><img loading=\"lazy\" decoding=\"async\" width=\"50\" height=\"50\" class=\"wp-image-577\" style=\"width: 50px;\" src=\"https:\/\/www.foyerruralarvert.fr\/wp-content\/uploads\/2024\/03\/retour.png\" alt=\"\" srcset=\"https:\/\/www.foyerruralarvert.fr\/wp-content\/uploads\/2024\/03\/retour.png 256w, https:\/\/www.foyerruralarvert.fr\/wp-content\/uploads\/2024\/03\/retour-150x150.png 150w\" sizes=\"auto, (max-width: 50px) 100vw, 50px\" \/><\/a><\/p>\n","protected":false},"excerpt":{"rendered":"<p>Animatrice : Denise\u00a0DELIBES Tel : 05 46 36 47 92 email : denise.andredelibes@orange.fr Quand ? Mercredi et Vendredi de 14h \u00e0 17h&nbsp;O\u00f9 ? Local du Foyer Rural D&rsquo;ARVERT (en haut [&hellip;]<\/p>\n","protected":false},"author":1,"featured_media":0,"parent":0,"menu_order":0,"comment_status":"closed","ping_status":"closed","template":"","meta":{"_uag_custom_page_level_css":"","site-sidebar-layout":"default","site-content-layout":"","ast-site-content-layout":"default","site-content-style":"default","site-sidebar-style":"default","ast-global-header-display":"","ast-banner-title-visibility":"","ast-main-header-display":"","ast-hfb-above-header-display":"","ast-hfb-below-header-display":"","ast-hfb-mobile-header-display":"","site-post-title":"","ast-breadcrumbs-content":"","ast-featured-img":"","footer-sml-layout":"","ast-disable-related-posts":"","theme-transparent-header-meta":"","adv-header-id-meta":"","stick-header-meta":"","header-above-stick-meta":"","header-main-stick-meta":"","header-below-stick-meta":"","astra-migrate-meta-layouts":"default","ast-page-background-enabled":"default","ast-page-background-meta":{"desktop":{"background-color":"var(--ast-global-color-4)","background-image":"","background-repeat":"repeat","background-position":"center center","background-size":"auto","background-attachment":"scroll","background-type":"","background-media":"","overlay-type":"","overlay-color":"","overlay-opacity":"","overlay-gradient":""},"tablet":{"background-color":"","background-image":"","background-repeat":"repeat","background-position":"center center","background-size":"auto","background-attachment":"scroll","background-type":"","background-media":"","overlay-type":"","overlay-color":"","overlay-opacity":"","overlay-gradient":""},"mobile":{"background-color":"","background-image":"","background-repeat":"repeat","background-position":"center center","background-size":"auto","background-attachment":"scroll","background-type":"","background-media":"","overlay-type":"","overlay-color":"","overlay-opacity":"","overlay-gradient":""}},"ast-content-background-meta":{"desktop":{"background-color":"var(--ast-global-color-5)","background-image":"","background-repeat":"repeat","background-position":"center center","background-size":"auto","background-attachment":"scroll","background-type":"","background-media":"","overlay-type":"","overlay-color":"","overlay-opacity":"","overlay-gradient":""},"tablet":{"background-color":"var(--ast-global-color-5)","background-image":"","background-repeat":"repeat","background-position":"center center","background-size":"auto","background-attachment":"scroll","background-type":"","background-media":"","overlay-type":"","overlay-color":"","overlay-opacity":"","overlay-gradient":""},"mobile":{"background-color":"var(--ast-global-color-5)","background-image":"","background-repeat":"repeat","background-position":"center center","background-size":"auto","background-attachment":"scroll","background-type":"","background-media":"","overlay-type":"","overlay-color":"","overlay-opacity":"","overlay-gradient":""}},"footnotes":""},"class_list":["post-343","page","type-page","status-publish","hentry"],"uagb_featured_image_src":{"full":false,"thumbnail":false,"medium":false,"medium_large":false,"large":false,"1536x1536":false,"2048x2048":false},"uagb_author_info":{"display_name":"foyerrural","author_link":"https:\/\/www.foyerruralarvert.fr\/accueil\/author\/foyerrural\/"},"uagb_comment_info":0,"uagb_excerpt":"Animatrice : Denise\u00a0DELIBES Tel : 05 46 36 47 92 email : denise.andredelibes@orange.fr Quand ? Mercredi et Vendredi de 14h \u00e0 17h&nbsp;O\u00f9 ? Local du Foyer Rural D&rsquo;ARVERT (en haut [&hellip;]","_links":{"self":[{"href":"https:\/\/www.foyerruralarvert.fr\/accueil\/wp-json\/wp\/v2\/pages\/343","targetHints":{"allow":["GET"]}}],"collection":[{"href":"https:\/\/www.foyerruralarvert.fr\/accueil\/wp-json\/wp\/v2\/pages"}],"about":[{"href":"https:\/\/www.foyerruralarvert.fr\/accueil\/wp-json\/wp\/v2\/types\/page"}],"author":[{"embeddable":true,"href":"https:\/\/www.foyerruralarvert.fr\/accueil\/wp-json\/wp\/v2\/users\/1"}],"replies":[{"embeddable":true,"href":"https:\/\/www.foyerruralarvert.fr\/accueil\/wp-json\/wp\/v2\/comments?post=343"}],"version-history":[{"count":15,"href":"https:\/\/www.foyerruralarvert.fr\/accueil\/wp-json\/wp\/v2\/pages\/343\/revisions"}],"predecessor-version":[{"id":4182,"href":"https:\/\/www.foyerruralarvert.fr\/accueil\/wp-json\/wp\/v2\/pages\/343\/revisions\/4182"}],"wp:attachment":[{"href":"https:\/\/www.foyerruralarvert.fr\/accueil\/wp-json\/wp\/v2\/media?parent=343"}],"curies":[{"name":"wp","href":"https:\/\/api.w.org\/{rel}","templated":true}]}}

<div class="wp-block-uagb-image aligncenter uagb-block-d4ebb561 wp-block-uagb-image--layout-default wp-block-uagb-image--effect-static wp-block-uagb-image--align-center"><figure class="wp-block-uagb-image__figure"><img decoding="async" srcset="https://www.foyerruralarvert.fr/wp-content/uploads/2024/10/peinture-sur-soie--1024x683.jpg ,https://www.foyerruralarvert.fr/wp-content/uploads/2024/10/peinture-sur-soie--scaled.jpg 780w, https://www.foyerruralarvert.fr/wp-content/uploads/2024/10/peinture-sur-soie--scaled.jpg 360w" sizes="auto, (max-width: 480px) 150px" src="https://www.foyerruralarvert.fr/wp-content/uploads/2024/10/peinture-sur-soie--1024x683.jpg" alt="" class="uag-image-1532" width="640" height="426" title="peinture sur soie" loading="lazy" role="img"/></figure></div>



<p class="has-text-align-center has-medium-font-size" style="padding-top:0;padding-right:var(--wp--preset--spacing--70);padding-bottom:0;padding-left:var(--wp--preset--spacing--70)"><br><strong>Animatrice : Denise DELIBES <br>Tel : 05 46 36 47 92 <br>email : denise.andredelibes@orange.fr</strong><br></p>



<p class="has-text-align-center has-medium-font-size" style="padding-right:var(--wp--preset--spacing--80);padding-left:var(--wp--preset--spacing--80)"><strong>Quand ? Mercredi et Vendredi de 14h à 17h&nbsp;<br>Où ? Local du Foyer Rural D&rsquo;ARVERT (en haut à gauche)</strong></p>



<p class="has-text-align-left has-luminous-vivid-orange-color has-text-color has-link-color has-medium-font-size wp-elements-66175fb451ea05a027fd8861e6e42320" style="padding-top:var(--wp--preset--spacing--20);padding-right:var(--wp--preset--spacing--70);padding-bottom:var(--wp--preset--spacing--20);padding-left:var(--wp--preset--spacing--70)"><strong><mark style="background-color:rgba(0, 0, 0, 0)" class="has-inline-color has-ast-global-color-1-color">TECHNIQUE DE LA GUTTA </mark></strong></p>



<p class="has-text-align-left has-medium-font-size" style="padding-top:var(--wp--preset--spacing--20);padding-right:var(--wp--preset--spacing--70);padding-bottom:var(--wp--preset--spacing--20);padding-left:var(--wp--preset--spacing--70)">La peinture fusant rapidement sur la soie, il est nécessaire de pratiquer un barrage limitant son expansion dans les fibres du tissu. Le produit le plus fréquemment employé pour réaliser le serti des couleurs est la gutta.<br>La gutta est un produit liquide naturellement incolore mais que l’on trouve teintée.&nbsp;<br>Après la réalisation du motif au crayon l’étape suivante est l’application de la gutta<br>La méthode la plus simple est le passage de la gutta à la burette sur laquelle est placée une plume normographe afin de régulariser le débit de sortie. Tenez la burette comme un crayon mais pas trop inclinée. L’application de la gutta est une opération minutieuse.</p>



<p class="has-luminous-vivid-orange-color has-text-color has-link-color has-medium-font-size wp-elements-4532b21b3428980564418d999f194dbf" style="padding-right:var(--wp--preset--spacing--70);padding-left:var(--wp--preset--spacing--70)"><strong><mark style="background-color:rgba(0, 0, 0, 0)" class="has-inline-color has-ast-global-color-1-color">AUTRE TECHNIQUE : L&rsquo;ANTIFUSANT</mark></strong></p>



<p class="has-black-color has-text-color has-link-color has-medium-font-size wp-elements-aa356218a86acbd0c6dadc2d8459fb83" style="padding-right:var(--wp--preset--spacing--70);padding-left:var(--wp--preset--spacing--70)">Après avoir fait le dessin au crayon de papier, appliquer l&rsquo;antifusant, avec un gros pinceau de gauche à droite et ensuite après séchage de haut en bas. Après séchage complet, bien peindre comme pour un tableau à la peinture à l&rsquo;huile.<br>La peinture ne fusera pas.</p>



<p class="has-luminous-vivid-orange-color has-text-color has-link-color has-medium-font-size wp-elements-56e98691bc3b8e1afa0ccdd588bbabff" style="padding-right:var(--wp--preset--spacing--70);padding-left:var(--wp--preset--spacing--70)"><strong><mark style="background-color:rgba(0, 0, 0, 0)" class="has-inline-color has-ast-global-color-1-color">LES COULEURS DE FOND </mark></strong></p>



<p class="has-medium-font-size" style="padding-right:var(--wp--preset--spacing--70);padding-left:var(--wp--preset--spacing--70)">Les colorants s&rsquo;étendent sur la soie au pinceau.&nbsp;Les colorants traditionnels sont diluables à l’eau ou à l’alcool.&nbsp;Ils peuvent se mélanger entre eux en une infinité de combinaisons.&nbsp;Il existe dans chaque marque des couleurs de base qui permettent d’obtenir toutes les nuances.&nbsp;Les colorants sèchent très vite une fois étalés sur la base.&nbsp;Il ne faut jamais retoucher au pinceau une surface déjà sèche ni poser du colorant à côté d’une surface sèche s’il n’y a pas de séparation de gutta (afin de ne pas faire d’auréoles).<br>Veillez à ce que le tissu reste mouillé partout.</p>



<p class="has-luminous-vivid-orange-color has-text-color has-link-color has-medium-font-size wp-elements-0be22ce95d8c42913bf9a43d4d01caf1" style="padding-right:var(--wp--preset--spacing--70);padding-left:var(--wp--preset--spacing--70)"><strong><mark style="background-color:rgba(0, 0, 0, 0)" class="has-inline-color has-ast-global-color-1-color">FIXER LES COULEURS </mark></strong></p>



<p class="has-black-color has-text-color has-link-color has-medium-font-size wp-elements-2a4a3f6fc33acceddb1d0b04e8cc6954" style="padding-right:var(--wp--preset--spacing--70);padding-left:var(--wp--preset--spacing--70)">On fixe les coloris en plaçant la soie dans une étuve.<br>1) <em>L&rsquo;étuve</em>,<br>Roulez la soie dans un papier kraft. On peut mettre plusieurs ouvrages en même temps. Faire étuver pendant 2 H 30 à 3 H<br>2) <em>La cocotte minute</em><br>On ne peut mettre qu&rsquo;un ouvrage à la fois.&nbsp;Posez la soie sur une feuille de papier kraft en prenant soin de l’enrouler à l’intérieur de façon à ce que le tissu ne dépasse pas du tout.&nbsp;<br>a)&nbsp;Fermer le rouleau ainsi constitué et fermer chaque extrémité avec du papier d’aluminium.<br>b) Placer le rouleau en le courbant dans le panier de la cocotte.<br>c) Mettre environ 2 cm d’eau au fond de la cocotte et accrocher le panier de façon que le rouleau ne trempe pas dans l’eau.<br>d) Mettre une feuille d’aluminium sur le rouleau pour les protéger des gouttes de condensation.<br>Laisser bouillir 1 H à 1 H 30.<br>Astuces :<br>1 &#8211;&nbsp;rincer votre soie à l’eau claire et sécher ensuite à plat sur un linge.<br>2 &#8211; afin d’obtenir un meilleur résultat, il est conseillé de passer sur la soie un anti-diffusant avant l’application des couleurs (laisser sécher puis peindre).</p>



<p class="has-medium-font-size" style="padding-right:var(--wp--preset--spacing--70);padding-left:var(--wp--preset--spacing--70)"><strong><em>Pour les deux méthodes</em></strong><br>1: Laver avec un shampoing doux.<br>2: Rincer jusqu&rsquo;à ce que l&rsquo;eau soit claire.<br>3: Faire un dernier rinçage au vinaigre blanc.<br>4: Repasser la soie encore humide avec un fer chaud, réglage sur soie et sans vapeur.</p>



<p class="has-text-align-center has-x-large-font-size"><a href="https://www.foyerruralarvert.fr/accueil/activites/" data-type="page" data-id="72"><strong>Retour</strong><img loading="lazy" decoding="async" width="50" height="50" class="wp-image-577" style="width: 50px;" src="https://www.foyerruralarvert.fr/wp-content/uploads/2024/03/retour.png" alt="" srcset="https://www.foyerruralarvert.fr/wp-content/uploads/2024/03/retour.png 256w, https://www.foyerruralarvert.fr/wp-content/uploads/2024/03/retour-150x150.png 150w" sizes="auto, (max-width: 50px) 100vw, 50px" /></a></p>

<p>Animatrice : Denise DELIBES Tel : 05 46 36 47 92 email : denise.andredelibes@orange.fr Quand ? Mercredi et Vendredi de 14h à 17h&nbsp;Où ? Local du Foyer Rural D&rsquo;ARVERT (en haut [&hellip;]</p>

Animatrice : Denise DELIBES Tel : 05 46 36 47 92 email : denise.andredelibes@orange.fr Quand ? Mercredi et Vendredi de 14h à 17h&nbsp;Où ? Local du Foyer Rural D&rsquo;ARVERT (en haut [&hellip;]
