{"id":351,"date":"2024-03-01T15:40:07","date_gmt":"2024-03-01T14:40:07","guid":{"rendered":"https:\/\/frarvert.synology.me\/wordpress\/?page_id=351"},"modified":"2026-03-17T11:23:21","modified_gmt":"2026-03-17T10:23:21","slug":"photographie","status":"publish","type":"page","link":"https:\/\/www.foyerruralarvert.fr\/accueil\/photographie\/","title":{"rendered":"Photographie"},"content":{"rendered":"\n<div class=\"wp-block-uagb-container uagb-block-b7d54c04 alignfull uagb-is-root-container\"><div class=\"uagb-container-inner-blocks-wrap\">\n<div class=\"wp-block-uagb-image uagb-block-1e77b223 wp-block-uagb-image--layout-default wp-block-uagb-image--effect-static wp-block-uagb-image--align-none\"><figure class=\"wp-block-uagb-image__figure\"><img decoding=\"async\" srcset=\"https:\/\/www.foyerruralarvert.fr\/wp-content\/uploads\/2024\/10\/PHOTO-LIVRET-ACCUEIL-1024x683.jpg ,https:\/\/www.foyerruralarvert.fr\/wp-content\/uploads\/2024\/10\/PHOTO-LIVRET-ACCUEIL.jpg 780w, https:\/\/www.foyerruralarvert.fr\/wp-content\/uploads\/2024\/10\/PHOTO-LIVRET-ACCUEIL.jpg 360w\" sizes=\"auto, (max-width: 480px) 150px\" src=\"https:\/\/www.foyerruralarvert.fr\/wp-content\/uploads\/2024\/10\/PHOTO-LIVRET-ACCUEIL-1024x683.jpg\" alt=\"\" class=\"uag-image-1524\" width=\"474\" height=\"315\" title=\"PHOTO-LIVRET-ACCUEIL\" loading=\"lazy\" role=\"img\"\/><\/figure><\/div>\n<\/div><\/div>\n\n\n\n<p class=\"has-text-align-center has-medium-font-size\"><br><strong>R\u00e9f\u00e9rents : Didier Brisset \/ Franck Meissner <\/strong><br><br>T\u00e9l : 06 76 53 39 92 \/ 06 69 32 37 14<br><br>email : didou3617@gmail.com \/ meissnerfranck@gmail.com<a href=\"tel:+33666710833\" target=\"_blank\" rel=\"noreferrer noopener\"><\/a><\/p>\n\n\n\n<p class=\"has-text-align-center has-medium-font-size\" style=\"padding-right:var(--wp--preset--spacing--80);padding-left:var(--wp--preset--spacing--80)\"><strong>Quand ? en alternance un mardi matin de 10h00 \u00e0 12h00,<\/strong><br> <strong>le mardi apr\u00e8s midi de 17h00 \u00e0 19h00<br> 1er et 3\u00e8me samedi de chaque mois (sauf f\u00e9ri\u00e9)<\/strong><a href=\"https:\/\/www.foyerruralarvert.fr\/accueil\/calendrier-atelier-photo\/\" data-type=\"page\" data-id=\"1526\">Calendrier<\/a><br><strong>Une atelier d\u00e9butant \u00e0 lieu tous les mardis matins, en alternance avec l&rsquo;atelier <a href=\"https:\/\/www.foyerruralarvert.fr\/accueil\/smartphone\/\" data-type=\"page\" data-id=\"3581\">SMARTPHONE <\/a><\/strong><br><a href=\"https:\/\/www.foyerruralarvert.fr\/wp-content\/uploads\/2025\/09\/calendrier-jr-scaled.jpg\" target=\"_blank\" rel=\"noreferrer noopener\">Calendrier d\u00e9butant<\/a><\/p>\n\n\n\n<p class=\"has-text-align-center has-medium-font-size\"><strong>O\u00f9 ?   Salle du Ch\u00e2teau d&rsquo;eau, angle de la rue du Ch\u00e2teau d&rsquo;eau et de la rue des Tilleuls ARVERT.<\/strong><\/p>\n\n\n\n<p class=\"has-text-align-center has-medium-font-size\" style=\"padding-top:var(--wp--preset--spacing--40);padding-right:var(--wp--preset--spacing--70);padding-bottom:var(--wp--preset--spacing--40);padding-left:var(--wp--preset--spacing--70)\"><br><strong>L<\/strong>e&nbsp;mot&nbsp;\u00ab&nbsp;<strong>photographie<\/strong>&nbsp;\u00bb&nbsp;provient&nbsp;de deux racines d&rsquo;origine grecque, le pr\u00e9fixe \u00ab&nbsp;photo&nbsp;\u00bb qui veut dire lumi\u00e8re, clart\u00e9 et le suffixe \u00ab&nbsp;graphie&nbsp;\u00bb qui signifie peindre, dessiner, \u00e9crire.Mais de nos jours pour faire simple, derri\u00e8re \u00ab&nbsp;photographie&nbsp;\u00bb, il y&nbsp;<strong>photo<\/strong> et <strong>appareil photo<\/strong>. Le but de notre activit\u00e9, est donc de faire en sorte de vous faire comprendre, doucement, comment avec un appareil photo on peut jouer avec la lumi\u00e8re, la distance, la profondeur, la nettet\u00e9 pour obtenir une belle photo, bien cadr\u00e9e extraite de la vue que l\u2019on a devant soi.<\/p>\n\n\n\n<p class=\"has-text-align-center has-large-font-size\"><strong><a href=\"https:\/\/www.foyerruralarvert.fr\/accueil\/photos-sorties-atelier-photos\/\" data-type=\"page\" data-id=\"3104\">TOUTES LES PHOTOS DES SORTIES DE L&rsquo;ATELIER PHOTOS ICI<\/a><\/strong><\/p>\n\n\n\n<p class=\"has-text-align-center has-medium-font-size\"><strong>INTERVENTION DE DANIELE SEGAL<\/strong> (Adh\u00e9rente FR et participante assidue de l&rsquo;atelier Photo)<br>Samedi 7 Mars 2026 <br><strong>Sujet : Deux regards, un m\u00eame sujet : le chien selon Erwitt et Wegman<\/strong><br>Retrouver toute son intervention <strong><a href=\"https:\/\/www.foyerruralarvert.fr\/accueil\/deux-regards-un-meme-sujet-le-chien\/\" target=\"_blank\" rel=\"noreferrer noopener\">ICI <\/a><\/strong><br><\/p>\n\n\n\n<p class=\"has-text-align-center has-large-font-size\"><strong>CLASSEMENT GRAP 2025<\/strong><br><strong><a href=\"https:\/\/photos.app.goo.gl\/KjspqLcdg3PawP5Q7\">Retrouvez les photos du concours <\/a><\/strong><\/p>\n\n\n\n<div class=\"wp-block-uagb-image uagb-block-12b059e2 wp-block-uagb-image--layout-default wp-block-uagb-image--effect-static wp-block-uagb-image--align-none\"><figure class=\"wp-block-uagb-image__figure\"><img decoding=\"async\" srcset=\"https:\/\/www.foyerruralarvert.fr\/wp-content\/uploads\/2025\/04\/Classement-Presquile-photo-724x1024.jpg ,https:\/\/www.foyerruralarvert.fr\/wp-content\/uploads\/2025\/04\/Classement-Presquile-photo-scaled.jpg 780w, https:\/\/www.foyerruralarvert.fr\/wp-content\/uploads\/2025\/04\/Classement-Presquile-photo-scaled.jpg 360w\" sizes=\"auto, (max-width: 480px) 150px\" src=\"https:\/\/www.foyerruralarvert.fr\/wp-content\/uploads\/2025\/04\/Classement-Presquile-photo-724x1024.jpg\" alt=\"\" class=\"uag-image-3185\" width=\"2479\" height=\"3508\" title=\"Classement Presqu'i\u0302le photo\" loading=\"lazy\" role=\"img\"\/><\/figure><\/div>\n\n\n\n<p class=\"has-text-align-center has-x-large-font-size\"><a href=\"https:\/\/www.foyerruralarvert.fr\/accueil\/activites\/\" data-type=\"page\" data-id=\"72\"><strong>Retour<\/strong><img loading=\"lazy\" decoding=\"async\" width=\"50\" height=\"50\" class=\"wp-image-577\" style=\"width: 50px;\" src=\"https:\/\/www.foyerruralarvert.fr\/wp-content\/uploads\/2024\/03\/retour.png\" alt=\"\" srcset=\"https:\/\/www.foyerruralarvert.fr\/wp-content\/uploads\/2024\/03\/retour.png 256w, https:\/\/www.foyerruralarvert.fr\/wp-content\/uploads\/2024\/03\/retour-150x150.png 150w\" sizes=\"auto, (max-width: 50px) 100vw, 50px\" \/><\/a><\/p>\n","protected":false},"excerpt":{"rendered":"<p>R\u00e9f\u00e9rents : Didier Brisset \/ Franck Meissner T\u00e9l : 06 76 53 39 92 \/ 06 69 32 37 14 email : didou3617@gmail.com \/ meissnerfranck@gmail.com Quand ? en alternance un [&hellip;]<\/p>\n","protected":false},"author":1,"featured_media":0,"parent":0,"menu_order":0,"comment_status":"closed","ping_status":"closed","template":"","meta":{"_uag_custom_page_level_css":"","site-sidebar-layout":"default","site-content-layout":"","ast-site-content-layout":"default","site-content-style":"default","site-sidebar-style":"default","ast-global-header-display":"","ast-banner-title-visibility":"","ast-main-header-display":"","ast-hfb-above-header-display":"","ast-hfb-below-header-display":"","ast-hfb-mobile-header-display":"","site-post-title":"","ast-breadcrumbs-content":"","ast-featured-img":"","footer-sml-layout":"","ast-disable-related-posts":"","theme-transparent-header-meta":"","adv-header-id-meta":"","stick-header-meta":"","header-above-stick-meta":"","header-main-stick-meta":"","header-below-stick-meta":"","astra-migrate-meta-layouts":"default","ast-page-background-enabled":"default","ast-page-background-meta":{"desktop":{"background-color":"var(--ast-global-color-4)","background-image":"","background-repeat":"repeat","background-position":"center center","background-size":"auto","background-attachment":"scroll","background-type":"","background-media":"","overlay-type":"","overlay-color":"","overlay-opacity":"","overlay-gradient":""},"tablet":{"background-color":"","background-image":"","background-repeat":"repeat","background-position":"center center","background-size":"auto","background-attachment":"scroll","background-type":"","background-media":"","overlay-type":"","overlay-color":"","overlay-opacity":"","overlay-gradient":""},"mobile":{"background-color":"","background-image":"","background-repeat":"repeat","background-position":"center center","background-size":"auto","background-attachment":"scroll","background-type":"","background-media":"","overlay-type":"","overlay-color":"","overlay-opacity":"","overlay-gradient":""}},"ast-content-background-meta":{"desktop":{"background-color":"var(--ast-global-color-5)","background-image":"","background-repeat":"repeat","background-position":"center center","background-size":"auto","background-attachment":"scroll","background-type":"","background-media":"","overlay-type":"","overlay-color":"","overlay-opacity":"","overlay-gradient":""},"tablet":{"background-color":"var(--ast-global-color-5)","background-image":"","background-repeat":"repeat","background-position":"center center","background-size":"auto","background-attachment":"scroll","background-type":"","background-media":"","overlay-type":"","overlay-color":"","overlay-opacity":"","overlay-gradient":""},"mobile":{"background-color":"var(--ast-global-color-5)","background-image":"","background-repeat":"repeat","background-position":"center center","background-size":"auto","background-attachment":"scroll","background-type":"","background-media":"","overlay-type":"","overlay-color":"","overlay-opacity":"","overlay-gradient":""}},"footnotes":""},"class_list":["post-351","page","type-page","status-publish","hentry"],"uagb_featured_image_src":{"full":false,"thumbnail":false,"medium":false,"medium_large":false,"large":false,"1536x1536":false,"2048x2048":false},"uagb_author_info":{"display_name":"foyerrural","author_link":"https:\/\/www.foyerruralarvert.fr\/accueil\/author\/foyerrural\/"},"uagb_comment_info":0,"uagb_excerpt":"R\u00e9f\u00e9rents : Didier Brisset \/ Franck Meissner T\u00e9l : 06 76 53 39 92 \/ 06 69 32 37 14 email : didou3617@gmail.com \/ meissnerfranck@gmail.com Quand ? en alternance un [&hellip;]","_links":{"self":[{"href":"https:\/\/www.foyerruralarvert.fr\/accueil\/wp-json\/wp\/v2\/pages\/351","targetHints":{"allow":["GET"]}}],"collection":[{"href":"https:\/\/www.foyerruralarvert.fr\/accueil\/wp-json\/wp\/v2\/pages"}],"about":[{"href":"https:\/\/www.foyerruralarvert.fr\/accueil\/wp-json\/wp\/v2\/types\/page"}],"author":[{"embeddable":true,"href":"https:\/\/www.foyerruralarvert.fr\/accueil\/wp-json\/wp\/v2\/users\/1"}],"replies":[{"embeddable":true,"href":"https:\/\/www.foyerruralarvert.fr\/accueil\/wp-json\/wp\/v2\/comments?post=351"}],"version-history":[{"count":45,"href":"https:\/\/www.foyerruralarvert.fr\/accueil\/wp-json\/wp\/v2\/pages\/351\/revisions"}],"predecessor-version":[{"id":4269,"href":"https:\/\/www.foyerruralarvert.fr\/accueil\/wp-json\/wp\/v2\/pages\/351\/revisions\/4269"}],"wp:attachment":[{"href":"https:\/\/www.foyerruralarvert.fr\/accueil\/wp-json\/wp\/v2\/media?parent=351"}],"curies":[{"name":"wp","href":"https:\/\/api.w.org\/{rel}","templated":true}]}}

<div class="wp-block-uagb-container uagb-block-b7d54c04 alignfull uagb-is-root-container"><div class="uagb-container-inner-blocks-wrap">
<div class="wp-block-uagb-image uagb-block-1e77b223 wp-block-uagb-image--layout-default wp-block-uagb-image--effect-static wp-block-uagb-image--align-none"><figure class="wp-block-uagb-image__figure"><img decoding="async" srcset="https://www.foyerruralarvert.fr/wp-content/uploads/2024/10/PHOTO-LIVRET-ACCUEIL-1024x683.jpg ,https://www.foyerruralarvert.fr/wp-content/uploads/2024/10/PHOTO-LIVRET-ACCUEIL.jpg 780w, https://www.foyerruralarvert.fr/wp-content/uploads/2024/10/PHOTO-LIVRET-ACCUEIL.jpg 360w" sizes="auto, (max-width: 480px) 150px" src="https://www.foyerruralarvert.fr/wp-content/uploads/2024/10/PHOTO-LIVRET-ACCUEIL-1024x683.jpg" alt="" class="uag-image-1524" width="474" height="315" title="PHOTO-LIVRET-ACCUEIL" loading="lazy" role="img"/></figure></div>
</div></div>



<p class="has-text-align-center has-medium-font-size"><br><strong>Référents : Didier Brisset / Franck Meissner </strong><br><br>Tél : 06 76 53 39 92 / 06 69 32 37 14<br><br>email : didou3617@gmail.com / meissnerfranck@gmail.com<a href="tel:+33666710833" target="_blank" rel="noreferrer noopener"></a></p>



<p class="has-text-align-center has-medium-font-size" style="padding-right:var(--wp--preset--spacing--80);padding-left:var(--wp--preset--spacing--80)"><strong>Quand ? en alternance un mardi matin de 10h00 à 12h00,</strong><br> <strong>le mardi après midi de 17h00 à 19h00<br> 1er et 3ème samedi de chaque mois (sauf férié)</strong><a href="https://www.foyerruralarvert.fr/accueil/calendrier-atelier-photo/" data-type="page" data-id="1526">Calendrier</a><br><strong>Une atelier débutant à lieu tous les mardis matins, en alternance avec l&rsquo;atelier <a href="https://www.foyerruralarvert.fr/accueil/smartphone/" data-type="page" data-id="3581">SMARTPHONE </a></strong><br><a href="https://www.foyerruralarvert.fr/wp-content/uploads/2025/09/calendrier-jr-scaled.jpg" target="_blank" rel="noreferrer noopener">Calendrier débutant</a></p>



<p class="has-text-align-center has-medium-font-size"><strong>Où ?   Salle du Château d&rsquo;eau, angle de la rue du Château d&rsquo;eau et de la rue des Tilleuls ARVERT.</strong></p>



<p class="has-text-align-center has-medium-font-size" style="padding-top:var(--wp--preset--spacing--40);padding-right:var(--wp--preset--spacing--70);padding-bottom:var(--wp--preset--spacing--40);padding-left:var(--wp--preset--spacing--70)"><br><strong>L</strong>e&nbsp;mot&nbsp;«&nbsp;<strong>photographie</strong>&nbsp;»&nbsp;provient&nbsp;de deux racines d&rsquo;origine grecque, le préfixe «&nbsp;photo&nbsp;» qui veut dire lumière, clarté et le suffixe «&nbsp;graphie&nbsp;» qui signifie peindre, dessiner, écrire.Mais de nos jours pour faire simple, derrière «&nbsp;photographie&nbsp;», il y&nbsp;<strong>photo</strong> et <strong>appareil photo</strong>. Le but de notre activité, est donc de faire en sorte de vous faire comprendre, doucement, comment avec un appareil photo on peut jouer avec la lumière, la distance, la profondeur, la netteté pour obtenir une belle photo, bien cadrée extraite de la vue que l’on a devant soi.</p>



<p class="has-text-align-center has-large-font-size"><strong><a href="https://www.foyerruralarvert.fr/accueil/photos-sorties-atelier-photos/" data-type="page" data-id="3104">TOUTES LES PHOTOS DES SORTIES DE L&rsquo;ATELIER PHOTOS ICI</a></strong></p>



<p class="has-text-align-center has-medium-font-size"><strong>INTERVENTION DE DANIELE SEGAL</strong> (Adhérente FR et participante assidue de l&rsquo;atelier Photo)<br>Samedi 7 Mars 2026 <br><strong>Sujet : Deux regards, un même sujet : le chien selon Erwitt et Wegman</strong><br>Retrouver toute son intervention <strong><a href="https://www.foyerruralarvert.fr/accueil/deux-regards-un-meme-sujet-le-chien/" target="_blank" rel="noreferrer noopener">ICI </a></strong><br></p>



<p class="has-text-align-center has-large-font-size"><strong>CLASSEMENT GRAP 2025</strong><br><strong><a href="https://photos.app.goo.gl/KjspqLcdg3PawP5Q7">Retrouvez les photos du concours </a></strong></p>



<div class="wp-block-uagb-image uagb-block-12b059e2 wp-block-uagb-image--layout-default wp-block-uagb-image--effect-static wp-block-uagb-image--align-none"><figure class="wp-block-uagb-image__figure"><img decoding="async" srcset="https://www.foyerruralarvert.fr/wp-content/uploads/2025/04/Classement-Presquile-photo-724x1024.jpg ,https://www.foyerruralarvert.fr/wp-content/uploads/2025/04/Classement-Presquile-photo-scaled.jpg 780w, https://www.foyerruralarvert.fr/wp-content/uploads/2025/04/Classement-Presquile-photo-scaled.jpg 360w" sizes="auto, (max-width: 480px) 150px" src="https://www.foyerruralarvert.fr/wp-content/uploads/2025/04/Classement-Presquile-photo-724x1024.jpg" alt="" class="uag-image-3185" width="2479" height="3508" title="Classement Presqu'île photo" loading="lazy" role="img"/></figure></div>



<p class="has-text-align-center has-x-large-font-size"><a href="https://www.foyerruralarvert.fr/accueil/activites/" data-type="page" data-id="72"><strong>Retour</strong><img loading="lazy" decoding="async" width="50" height="50" class="wp-image-577" style="width: 50px;" src="https://www.foyerruralarvert.fr/wp-content/uploads/2024/03/retour.png" alt="" srcset="https://www.foyerruralarvert.fr/wp-content/uploads/2024/03/retour.png 256w, https://www.foyerruralarvert.fr/wp-content/uploads/2024/03/retour-150x150.png 150w" sizes="auto, (max-width: 50px) 100vw, 50px" /></a></p>

<p>Référents : Didier Brisset / Franck Meissner Tél : 06 76 53 39 92 / 06 69 32 37 14 email : didou3617@gmail.com / meissnerfranck@gmail.com Quand ? en alternance un [&hellip;]</p>

Référents : Didier Brisset / Franck Meissner Tél : 06 76 53 39 92 / 06 69 32 37 14 email : didou3617@gmail.com / meissnerfranck@gmail.com Quand ? en alternance un [&hellip;]
