{"id":536,"date":"2024-03-04T21:45:30","date_gmt":"2024-03-04T20:45:30","guid":{"rendered":"https:\/\/frarvert.synology.me\/wordpress\/?page_id=536"},"modified":"2026-03-25T16:42:19","modified_gmt":"2026-03-25T15:42:19","slug":"genealogie","status":"publish","type":"page","link":"https:\/\/www.foyerruralarvert.fr\/accueil\/genealogie\/","title":{"rendered":"G\u00e9n\u00e9alogie"},"content":{"rendered":"\n<div class=\"wp-block-uagb-image aligncenter uagb-block-1771fdb4 wp-block-uagb-image--layout-default wp-block-uagb-image--effect-static wp-block-uagb-image--align-center\"><figure class=\"wp-block-uagb-image__figure\"><img decoding=\"async\" srcset=\"https:\/\/www.foyerruralarvert.fr\/wp-content\/uploads\/2024\/10\/D37_0814-1-738x1024.jpg ,https:\/\/www.foyerruralarvert.fr\/wp-content\/uploads\/2024\/10\/D37_0814-1-scaled.jpg 780w, https:\/\/www.foyerruralarvert.fr\/wp-content\/uploads\/2024\/10\/D37_0814-1-scaled.jpg 360w\" sizes=\"auto, (max-width: 480px) 150px\" src=\"https:\/\/www.foyerruralarvert.fr\/wp-content\/uploads\/2024\/10\/D37_0814-1-738x1024.jpg\" alt=\"\" class=\"uag-image-1570\" width=\"523\" height=\"726\" title=\"D37_0814\" loading=\"lazy\" role=\"img\"\/><\/figure><\/div>\n\n\n\n<p><\/p>\n\n\n\n<p class=\"has-text-align-center has-medium-font-size\" style=\"padding-right:var(--wp--preset--spacing--80);padding-left:var(--wp--preset--spacing--80)\"><strong>Animateurs : Jean-Louis DESHAIES<\/strong>,<strong> Claude PROVIN<\/strong><br><strong>T\u00e9l 06 04 67 29 41&nbsp;\/ 06 13 23 83 20<br>mail : <a href=\"mailto:jlouisrenee@aliceadsl.fr\" target=\"_blank\" rel=\"noreferrer noopener\">jlouisrenee@aliceadsl.fr<\/a> \/ claude.provin@free.fr<\/strong><\/p>\n\n\n\n<p class=\"has-text-align-center has-black-color has-text-color has-link-color has-medium-font-size\" style=\"padding-right: var(--wp--preset--spacing--80); padding-left: var(--wp--preset--spacing--80);\"><br><strong>Quand ? Mercredi 14h00 &#8211; 16h00 (hors vacances scolaires)<\/strong><br><strong>&nbsp; &nbsp;O\u00f9 ? Salle du Ch\u00e2teau d&rsquo;eau \u00e0 Arvert, \u00e0 l&rsquo;angle des rue des Tilleuls <br>et du Ch\u00e2teau d&rsquo;eau.<\/strong><\/p>\n\n\n\n<div class=\"wp-block-uagb-image aligncenter uagb-block-49767a62 wp-block-uagb-image--layout-default wp-block-uagb-image--effect-static wp-block-uagb-image--align-center\"><figure class=\"wp-block-uagb-image__figure\"><img decoding=\"async\" srcset=\"https:\/\/www.foyerruralarvert.fr\/wp-content\/uploads\/2025\/01\/Ge\u0301ne\u0301alogie-texte.jpg ,https:\/\/www.foyerruralarvert.fr\/wp-content\/uploads\/2025\/01\/Ge\u0301ne\u0301alogie-texte.jpg 780w, https:\/\/www.foyerruralarvert.fr\/wp-content\/uploads\/2025\/01\/Ge\u0301ne\u0301alogie-texte.jpg 360w\" sizes=\"auto, (max-width: 480px) 150px\" src=\"https:\/\/www.foyerruralarvert.fr\/wp-content\/uploads\/2025\/01\/Ge\u0301ne\u0301alogie-texte.jpg\" alt=\"\" class=\"uag-image-2658\" width=\"595\" height=\"842\" title=\"Ge\u0301ne\u0301alogie texte\" loading=\"lazy\" role=\"img\"\/><\/figure><\/div>\n\n\n\n<p class=\"has-text-align-left has-medium-font-size\" style=\"padding: var(--wp--preset--spacing--40) var(--wp--preset--spacing--60) var(--wp--preset--spacing--40) var(--wp--preset--spacing--60);\"><strong><mark><\/mark><mark><\/mark><mark><\/mark><mark><\/mark><mark><\/mark><mark><\/mark><mark><\/mark><mark><\/mark><mark><\/mark><mark><\/mark><mark><\/mark><mark><\/mark><mark><\/mark><mark><\/mark><mark><\/mark><mark><\/mark><mark>\u00a0 \u00a0 \u00a0 \u00a0 L&rsquo;\u00e9tude <\/mark><mark>d<\/mark><mark>e la G\u00e9n\u00e9alogie n\u00e9cessite l&rsquo;utilisation de votre propre ordinateur portable. <\/mark><\/strong><\/p>\n\n\n\n<p class=\"has-medium-font-size\" style=\"padding-right:var(--wp--preset--spacing--80);padding-left:var(--wp--preset--spacing--80)\"><strong>Documentation t\u00e9l\u00e9chargeable :<\/strong><\/p>\n\n\n\n<p class=\"has-medium-font-size\" style=\"padding-right:var(--wp--preset--spacing--80);padding-left:var(--wp--preset--spacing--80)\">Clic Gauche sur le titre en bleu, ci-dessous \u00e0 gauche, pour ouvrir le document et l&rsquo;enregistrer sur votre disque dur&nbsp;ou l&rsquo;imprimer directement.&nbsp;<br><u><a href=\"https:\/\/www.foyerruralarvert.fr\/wp-content\/uploads\/2024\/03\/rebalayage-de-votre-arbre-v-2-23-copie.pdf\" data-type=\"attachment\" data-id=\"539\">R<\/a><a href=\"https:\/\/www.foyerruralarvert.fr\/wp-content\/uploads\/2024\/03\/rebalayage-de-votre-arbre-v-2-23-copie.pdf\" data-type=\"attachment\" data-id=\"539\" target=\"_blank\" rel=\"noreferrer noopener\">e-balayage de votre arbre V2.23<\/a><\/u><br><a href=\"https:\/\/www.foyerruralarvert.fr\/wp-content\/uploads\/2024\/03\/genealogie-geneanet-1-copie.pdf\" data-type=\"attachment\" data-id=\"538\" target=\"_blank\" rel=\"noreferrer noopener\">Geneanet N\u00b01&nbsp;<\/a>&#8211; Connaitre G\u00e9n\u00e9anet volume N\u00b0 1<br><a href=\"https:\/\/www.foyerruralarvert.fr\/wp-content\/uploads\/2024\/03\/genealogie-geneanet-2-copie.pdf\" data-type=\"attachment\" data-id=\"537\" target=\"_blank\" rel=\"noreferrer noopener\">Geneanet N\u00b02<\/a>&nbsp;&#8211;&nbsp;Connaitre G\u00e9n\u00e9anet volume N\u00b0 2<\/p>\n\n\n\n<p class=\"has-medium-font-size\" style=\"padding-right:var(--wp--preset--spacing--80);padding-left:var(--wp--preset--spacing--80)\">L\u2019exp\u00e9rience, acquise au cours de nos r\u00e9unions de travail, ont fait apparaitre des points cl\u00e9s \u00e0 prendre en compte, ceux-ci vont donc faire partie int\u00e9grante de nos \u00ab&nbsp;ateliers g\u00e9n\u00e9alogiques&nbsp;\u00bb.&nbsp;Dans nos r\u00e9unions, les questions qui vous viennent \u00e0 l\u2019esprit (ou que vous avez not\u00e9 chez vous), aurons la bonne r\u00e9ponse au bon moment.<\/p>\n\n\n\n<p class=\"has-text-align-center\"><strong>L\u2019atelier GENEALOGIE a re\u00e7u Madame BOS Nathalie, r\u00e9f\u00e9rente GENEANET sur le secteur de Marennes.<br>Elle a pr\u00e9sent\u00e9 aux 14 adh\u00e9rents les diff\u00e9rentes fonctionnalit\u00e9s du logiciel qu\u2019ils utilisent r\u00e9guli\u00e8rement de leur recherche<\/strong><\/p>\n\n\n\n<div class=\"wp-block-uagb-image aligncenter uagb-block-e839c612 wp-block-uagb-image--layout-default wp-block-uagb-image--effect-static wp-block-uagb-image--align-center\"><figure class=\"wp-block-uagb-image__figure\"><img decoding=\"async\" srcset=\"https:\/\/www.foyerruralarvert.fr\/wp-content\/uploads\/2025\/02\/1000002462-1024x576.jpg ,https:\/\/www.foyerruralarvert.fr\/wp-content\/uploads\/2025\/02\/1000002462-scaled.jpg 780w, https:\/\/www.foyerruralarvert.fr\/wp-content\/uploads\/2025\/02\/1000002462-scaled.jpg 360w\" sizes=\"auto, (max-width: 480px) 150px\" src=\"https:\/\/www.foyerruralarvert.fr\/wp-content\/uploads\/2025\/02\/1000002462-1024x576.jpg\" alt=\"\" class=\"uag-image-2713\" width=\"505\" height=\"283\" title=\"1000002462\" loading=\"lazy\" role=\"img\"\/><\/figure><\/div>\n\n\n\n<p class=\"has-text-align-center has-vivid-red-color has-text-color has-link-color has-medium-font-size wp-elements-7b82bdf8ae75e0cc92546492d0eb37cc\" style=\"margin-top:0;margin-right:0;margin-bottom:0;margin-left:0;padding-top:0;padding-right:var(--wp--preset--spacing--60);padding-bottom:0;padding-left:var(--wp--preset--spacing--60)\"><br><strong>Intervention Mr HELLER (Pasteur) <\/strong><br><\/p>\n\n\n\n<p class=\"has-text-align-center has-ast-global-color-7-color has-text-color has-link-color has-medium-font-size wp-elements-cf792fbe24735b8696e66fd37a75f1b5\" style=\"margin-top:0;margin-right:0;margin-bottom:0;margin-left:0;padding-top:0;padding-right:var(--wp--preset--spacing--60);padding-bottom:0;padding-left:var(--wp--preset--spacing--60)\"><br> Monsieur HELLER, pasteur d\u2019ARVERT et pr\u00e9sident de la MHCP (Maison de l\u2019histoire du protestantisme charentais) nous a propos\u00e9 un expos\u00e9 sur le protestantisme dans la presqu\u2019\u00eele d\u2019ARVERT.<\/p>\n\n\n\n<p class=\"has-text-align-center has-medium-font-size\" style=\"margin-top:0;margin-right:0;margin-bottom:0;margin-left:0;padding-top:0;padding-right:var(--wp--preset--spacing--60);padding-bottom:0;padding-left:var(--wp--preset--spacing--60)\">Au d\u00e9part de son intervention, il nous a expliqu\u00e9 les d\u00e9buts du protestantisme en France et dans la r\u00e9gion, son histoire et son \u00e9volution au cours des si\u00e8cles.<\/p>\n\n\n\n<p class=\"has-text-align-center has-medium-font-size\" style=\"margin-top:0;margin-right:0;margin-bottom:0;margin-left:0;padding-top:0;padding-right:var(--wp--preset--spacing--60);padding-bottom:0;padding-left:var(--wp--preset--spacing--60)\">Et pour finir, o\u00f9 trouver leurs archives et nous fournir des indices pour nous permettre de compl\u00e9ter nos pistes de recherche afin d\u2019enrichir nos arbres.<\/p>\n\n\n\n<p class=\"has-text-align-center has-medium-font-size\" style=\"margin-top:0;margin-right:0;margin-bottom:0;margin-left:0;padding-top:0;padding-right:var(--wp--preset--spacing--60);padding-bottom:0;padding-left:var(--wp--preset--spacing--60)\">Les 16 adh\u00e9rents pr\u00e9sents ont \u00e9t\u00e9 tr\u00e8s int\u00e9ress\u00e9s et ont d\u00e9couvert des&nbsp;renseignements sur l\u2019histoire de notre r\u00e9gion et la consultation des archives.<\/p>\n\n\n\n<p class=\"has-text-align-center has-medium-font-size\" style=\"margin-top:0;margin-right:0;margin-bottom:0;margin-left:0;padding-top:0;padding-right:var(--wp--preset--spacing--60);padding-bottom:0;padding-left:var(--wp--preset--spacing--60)\">Tous nos remerciements \u00e0 Mr HELLER&nbsp;<br><br><\/p>\n\n\n\n<div class=\"wp-block-uagb-container uagb-block-11e7eb70 alignfull uagb-is-root-container\"><div class=\"uagb-container-inner-blocks-wrap\">\n<div class=\"wp-block-uagb-container uagb-block-aa26daaf\">\n<figure class=\"wp-block-image size-large\"><img loading=\"lazy\" decoding=\"async\" width=\"768\" height=\"1024\" src=\"https:\/\/www.foyerruralarvert.fr\/wp-content\/uploads\/2026\/03\/1000000133-768x1024.jpg\" alt=\"\" class=\"wp-image-4330\" srcset=\"https:\/\/www.foyerruralarvert.fr\/wp-content\/uploads\/2026\/03\/1000000133-768x1024.jpg 768w, https:\/\/www.foyerruralarvert.fr\/wp-content\/uploads\/2026\/03\/1000000133-1152x1536.jpg 1152w, https:\/\/www.foyerruralarvert.fr\/wp-content\/uploads\/2026\/03\/1000000133-1536x2048.jpg 1536w, https:\/\/www.foyerruralarvert.fr\/wp-content\/uploads\/2026\/03\/1000000133-225x300.jpg 225w, https:\/\/www.foyerruralarvert.fr\/wp-content\/uploads\/2026\/03\/1000000133-scaled.jpg 1920w\" sizes=\"auto, (max-width: 768px) 100vw, 768px\" \/><\/figure>\n<\/div>\n\n\n\n<div class=\"wp-block-uagb-container uagb-block-a54fe834\">\n<figure class=\"wp-block-image size-large\"><img loading=\"lazy\" decoding=\"async\" width=\"768\" height=\"1024\" src=\"https:\/\/www.foyerruralarvert.fr\/wp-content\/uploads\/2026\/03\/1000000134-768x1024.jpg\" alt=\"\" class=\"wp-image-4331\" srcset=\"https:\/\/www.foyerruralarvert.fr\/wp-content\/uploads\/2026\/03\/1000000134-768x1024.jpg 768w, https:\/\/www.foyerruralarvert.fr\/wp-content\/uploads\/2026\/03\/1000000134-1152x1536.jpg 1152w, https:\/\/www.foyerruralarvert.fr\/wp-content\/uploads\/2026\/03\/1000000134-1536x2048.jpg 1536w, https:\/\/www.foyerruralarvert.fr\/wp-content\/uploads\/2026\/03\/1000000134-225x300.jpg 225w, https:\/\/www.foyerruralarvert.fr\/wp-content\/uploads\/2026\/03\/1000000134-scaled.jpg 1920w\" sizes=\"auto, (max-width: 768px) 100vw, 768px\" \/><\/figure>\n<\/div>\n\n\n\n<div class=\"wp-block-uagb-container uagb-block-83d3cc2c\">\n<figure class=\"wp-block-image size-large\"><img loading=\"lazy\" decoding=\"async\" width=\"768\" height=\"1024\" src=\"https:\/\/www.foyerruralarvert.fr\/wp-content\/uploads\/2026\/03\/1000000135-768x1024.jpg\" alt=\"\" class=\"wp-image-4332\" srcset=\"https:\/\/www.foyerruralarvert.fr\/wp-content\/uploads\/2026\/03\/1000000135-768x1024.jpg 768w, https:\/\/www.foyerruralarvert.fr\/wp-content\/uploads\/2026\/03\/1000000135-1152x1536.jpg 1152w, https:\/\/www.foyerruralarvert.fr\/wp-content\/uploads\/2026\/03\/1000000135-1536x2048.jpg 1536w, https:\/\/www.foyerruralarvert.fr\/wp-content\/uploads\/2026\/03\/1000000135-225x300.jpg 225w, https:\/\/www.foyerruralarvert.fr\/wp-content\/uploads\/2026\/03\/1000000135-scaled.jpg 1920w\" sizes=\"auto, (max-width: 768px) 100vw, 768px\" \/><\/figure>\n<\/div>\n\n\n\n<div class=\"wp-block-uagb-container uagb-block-d819ea47\">\n<figure class=\"wp-block-image size-large\"><img loading=\"lazy\" decoding=\"async\" width=\"768\" height=\"1024\" src=\"https:\/\/www.foyerruralarvert.fr\/wp-content\/uploads\/2026\/03\/1000000136-768x1024.jpg\" alt=\"\" class=\"wp-image-4333\" srcset=\"https:\/\/www.foyerruralarvert.fr\/wp-content\/uploads\/2026\/03\/1000000136-768x1024.jpg 768w, https:\/\/www.foyerruralarvert.fr\/wp-content\/uploads\/2026\/03\/1000000136-1152x1536.jpg 1152w, https:\/\/www.foyerruralarvert.fr\/wp-content\/uploads\/2026\/03\/1000000136-1536x2048.jpg 1536w, https:\/\/www.foyerruralarvert.fr\/wp-content\/uploads\/2026\/03\/1000000136-225x300.jpg 225w, https:\/\/www.foyerruralarvert.fr\/wp-content\/uploads\/2026\/03\/1000000136-scaled.jpg 1920w\" sizes=\"auto, (max-width: 768px) 100vw, 768px\" \/><\/figure>\n<\/div>\n\n\n\n<div class=\"wp-block-uagb-container uagb-block-b63c69bb\">\n<figure class=\"wp-block-image size-large\"><img loading=\"lazy\" decoding=\"async\" width=\"768\" height=\"1024\" src=\"https:\/\/www.foyerruralarvert.fr\/wp-content\/uploads\/2026\/03\/1000000137-768x1024.jpg\" alt=\"\" class=\"wp-image-4334\" srcset=\"https:\/\/www.foyerruralarvert.fr\/wp-content\/uploads\/2026\/03\/1000000137-768x1024.jpg 768w, https:\/\/www.foyerruralarvert.fr\/wp-content\/uploads\/2026\/03\/1000000137-1152x1536.jpg 1152w, https:\/\/www.foyerruralarvert.fr\/wp-content\/uploads\/2026\/03\/1000000137-1536x2048.jpg 1536w, https:\/\/www.foyerruralarvert.fr\/wp-content\/uploads\/2026\/03\/1000000137-225x300.jpg 225w, https:\/\/www.foyerruralarvert.fr\/wp-content\/uploads\/2026\/03\/1000000137-scaled.jpg 1920w\" sizes=\"auto, (max-width: 768px) 100vw, 768px\" \/><\/figure>\n<\/div>\n\n\n\n<div class=\"wp-block-uagb-container uagb-block-80f5a5bf\">\n<figure class=\"wp-block-image size-large\"><img loading=\"lazy\" decoding=\"async\" width=\"768\" height=\"1024\" src=\"https:\/\/www.foyerruralarvert.fr\/wp-content\/uploads\/2026\/03\/1000000138-768x1024.jpg\" alt=\"\" class=\"wp-image-4335\" srcset=\"https:\/\/www.foyerruralarvert.fr\/wp-content\/uploads\/2026\/03\/1000000138-768x1024.jpg 768w, https:\/\/www.foyerruralarvert.fr\/wp-content\/uploads\/2026\/03\/1000000138-1152x1536.jpg 1152w, https:\/\/www.foyerruralarvert.fr\/wp-content\/uploads\/2026\/03\/1000000138-1536x2048.jpg 1536w, https:\/\/www.foyerruralarvert.fr\/wp-content\/uploads\/2026\/03\/1000000138-225x300.jpg 225w, https:\/\/www.foyerruralarvert.fr\/wp-content\/uploads\/2026\/03\/1000000138-scaled.jpg 1920w\" sizes=\"auto, (max-width: 768px) 100vw, 768px\" \/><\/figure>\n<\/div>\n<\/div><\/div>\n\n\n\n<p class=\"has-text-align-center has-x-large-font-size\"><a href=\"https:\/\/www.foyerruralarvert.fr\/accueil\/activites\/\" data-type=\"page\" data-id=\"72\"><strong>Retour<\/strong><img loading=\"lazy\" decoding=\"async\" width=\"50\" height=\"50\" class=\"wp-image-577\" style=\"width: 50px;\" src=\"https:\/\/www.foyerruralarvert.fr\/wp-content\/uploads\/2024\/03\/retour.png\" alt=\"\" srcset=\"https:\/\/www.foyerruralarvert.fr\/wp-content\/uploads\/2024\/03\/retour.png 256w, https:\/\/www.foyerruralarvert.fr\/wp-content\/uploads\/2024\/03\/retour-150x150.png 150w\" sizes=\"auto, (max-width: 50px) 100vw, 50px\" \/><\/a><\/p>\n","protected":false},"excerpt":{"rendered":"<p>Animateurs : Jean-Louis DESHAIES, Claude PROVINT\u00e9l 06 04 67 29 41&nbsp;\/ 06 13 23 83 20mail : jlouisrenee@aliceadsl.fr \/ claude.provin@free.fr Quand ? Mercredi 14h00 &#8211; 16h00 (hors vacances scolaires)&nbsp; &nbsp;O\u00f9 [&hellip;]<\/p>\n","protected":false},"author":1,"featured_media":0,"parent":0,"menu_order":0,"comment_status":"open","ping_status":"closed","template":"","meta":{"_uag_custom_page_level_css":"","site-sidebar-layout":"default","site-content-layout":"","ast-site-content-layout":"default","site-content-style":"default","site-sidebar-style":"default","ast-global-header-display":"","ast-banner-title-visibility":"","ast-main-header-display":"","ast-hfb-above-header-display":"","ast-hfb-below-header-display":"","ast-hfb-mobile-header-display":"","site-post-title":"","ast-breadcrumbs-content":"","ast-featured-img":"","footer-sml-layout":"","ast-disable-related-posts":"","theme-transparent-header-meta":"","adv-header-id-meta":"","stick-header-meta":"","header-above-stick-meta":"","header-main-stick-meta":"","header-below-stick-meta":"","astra-migrate-meta-layouts":"default","ast-page-background-enabled":"default","ast-page-background-meta":{"desktop":{"background-color":"var(--ast-global-color-4)","background-image":"","background-repeat":"repeat","background-position":"center center","background-size":"auto","background-attachment":"scroll","background-type":"","background-media":"","overlay-type":"","overlay-color":"","overlay-opacity":"","overlay-gradient":""},"tablet":{"background-color":"","background-image":"","background-repeat":"repeat","background-position":"center center","background-size":"auto","background-attachment":"scroll","background-type":"","background-media":"","overlay-type":"","overlay-color":"","overlay-opacity":"","overlay-gradient":""},"mobile":{"background-color":"","background-image":"","background-repeat":"repeat","background-position":"center center","background-size":"auto","background-attachment":"scroll","background-type":"","background-media":"","overlay-type":"","overlay-color":"","overlay-opacity":"","overlay-gradient":""}},"ast-content-background-meta":{"desktop":{"background-color":"var(--ast-global-color-5)","background-image":"","background-repeat":"repeat","background-position":"center center","background-size":"auto","background-attachment":"scroll","background-type":"","background-media":"","overlay-type":"","overlay-color":"","overlay-opacity":"","overlay-gradient":""},"tablet":{"background-color":"var(--ast-global-color-5)","background-image":"","background-repeat":"repeat","background-position":"center center","background-size":"auto","background-attachment":"scroll","background-type":"","background-media":"","overlay-type":"","overlay-color":"","overlay-opacity":"","overlay-gradient":""},"mobile":{"background-color":"var(--ast-global-color-5)","background-image":"","background-repeat":"repeat","background-position":"center center","background-size":"auto","background-attachment":"scroll","background-type":"","background-media":"","overlay-type":"","overlay-color":"","overlay-opacity":"","overlay-gradient":""}},"footnotes":""},"class_list":["post-536","page","type-page","status-publish","hentry"],"uagb_featured_image_src":{"full":false,"thumbnail":false,"medium":false,"medium_large":false,"large":false,"1536x1536":false,"2048x2048":false},"uagb_author_info":{"display_name":"foyerrural","author_link":"https:\/\/www.foyerruralarvert.fr\/accueil\/author\/foyerrural\/"},"uagb_comment_info":0,"uagb_excerpt":"Animateurs : Jean-Louis DESHAIES, Claude PROVINT\u00e9l 06 04 67 29 41&nbsp;\/ 06 13 23 83 20mail : jlouisrenee@aliceadsl.fr \/ claude.provin@free.fr Quand ? Mercredi 14h00 &#8211; 16h00 (hors vacances scolaires)&nbsp; &nbsp;O\u00f9 [&hellip;]","_links":{"self":[{"href":"https:\/\/www.foyerruralarvert.fr\/accueil\/wp-json\/wp\/v2\/pages\/536","targetHints":{"allow":["GET"]}}],"collection":[{"href":"https:\/\/www.foyerruralarvert.fr\/accueil\/wp-json\/wp\/v2\/pages"}],"about":[{"href":"https:\/\/www.foyerruralarvert.fr\/accueil\/wp-json\/wp\/v2\/types\/page"}],"author":[{"embeddable":true,"href":"https:\/\/www.foyerruralarvert.fr\/accueil\/wp-json\/wp\/v2\/users\/1"}],"replies":[{"embeddable":true,"href":"https:\/\/www.foyerruralarvert.fr\/accueil\/wp-json\/wp\/v2\/comments?post=536"}],"version-history":[{"count":26,"href":"https:\/\/www.foyerruralarvert.fr\/accueil\/wp-json\/wp\/v2\/pages\/536\/revisions"}],"predecessor-version":[{"id":4352,"href":"https:\/\/www.foyerruralarvert.fr\/accueil\/wp-json\/wp\/v2\/pages\/536\/revisions\/4352"}],"wp:attachment":[{"href":"https:\/\/www.foyerruralarvert.fr\/accueil\/wp-json\/wp\/v2\/media?parent=536"}],"curies":[{"name":"wp","href":"https:\/\/api.w.org\/{rel}","templated":true}]}}