{"id":74,"date":"2024-02-20T19:52:51","date_gmt":"2024-02-20T18:52:51","guid":{"rendered":"https:\/\/foyerruralarvert1.wordpress.com\/?page_id=19"},"modified":"2026-03-17T10:50:33","modified_gmt":"2026-03-17T09:50:33","slug":"gymnastique","status":"publish","type":"page","link":"https:\/\/www.foyerruralarvert.fr\/accueil\/gymnastique\/","title":{"rendered":"Gymnastique"},"content":{"rendered":"\n<div class=\"wp-block-uagb-image aligncenter uagb-block-429cc3f3 wp-block-uagb-image--layout-default wp-block-uagb-image--effect-static wp-block-uagb-image--align-center\"><figure class=\"wp-block-uagb-image__figure\"><img decoding=\"async\" srcset=\"https:\/\/www.foyerruralarvert.fr\/wp-content\/uploads\/2024\/10\/gym-1024x683.jpg ,https:\/\/www.foyerruralarvert.fr\/wp-content\/uploads\/2024\/10\/gym-scaled.jpg 780w, https:\/\/www.foyerruralarvert.fr\/wp-content\/uploads\/2024\/10\/gym-scaled.jpg 360w\" sizes=\"auto, (max-width: 480px) 150px\" src=\"https:\/\/www.foyerruralarvert.fr\/wp-content\/uploads\/2024\/10\/gym-1024x683.jpg\" alt=\"\" class=\"uag-image-1565\" width=\"655\" height=\"436\" title=\"gym\" loading=\"lazy\" role=\"img\"\/><\/figure><\/div>\n\n\n\n<p class=\"has-text-align-center has-medium-font-size\"><br><strong>Animatrice : Carole LOUIS<\/strong><br><strong>Responsable : Nicole Gellie&nbsp;tel : 06 33 55 28 19&nbsp;<br> email : 46maminou@orange.fr<\/strong><br> <br><\/p>\n\n\n\n<p class=\"has-text-align-center has-medium-font-size\" style=\"padding-right:var(--wp--preset--spacing--80);padding-left:var(--wp--preset--spacing--80)\"><strong>Quand ?  <\/strong><br><strong>Mardi de 11h00 \u00e0 12h00 (sauf vacances scolaires) <\/strong><br><strong>Jeudi de 11h30 \u00e0 12h30 ( sauf vacances scolaires )<\/strong><br> Une seconde s\u00e9ance se tient le mardi de 11h00 \u00e0 12h00 mais uniquement pour les personnes souhaitant participer aux 2 s\u00e9ances par semaine. <br><strong>O\u00f9 ?       Gymnase d&rsquo;ARVERT, salle de danse<\/strong><\/p>\n\n\n\n<p class=\"has-medium-font-size\" style=\"padding-right: var(--wp--preset--spacing--80); padding-left: var(--wp--preset--spacing--80);\"><mark class=\"has-inline-color\" style=\"background-color: rgba(0, 0, 0, 0); color: #ff1212;\"><strong>Tarifs : 160 \u20ac pour l&rsquo;ann\u00e9e pour 1 s\u00e9ance par semaine<\/strong> <\/mark><br \/><strong><mark class=\"has-inline-color\" style=\"background-color: rgba(0, 0, 0, 0); color: #f90606;\">\u00a0 \u00a0 \u00a0 \u00a0 \u00a0305 \u20ac pour l&rsquo;ann\u00e9e pour 2 s\u00e9ances par semaine <\/mark><\/strong><br \/>Possibilit\u00e9 de r\u00e8glement par 3 ch\u00e8ques <br \/>Tarifs pr\u00e9f\u00e9rentiels sur pr\u00e9sentation de votre avis d&rsquo;imposition (quotient familial)<\/p>\n\n\n\n<p class=\"has-medium-font-size\" style=\"padding-right:var(--wp--preset--spacing--80);padding-left:var(--wp--preset--spacing--80)\"><strong><mark style=\"background-color:rgba(0, 0, 0, 0);color:#f10202\" class=\"has-inline-color\">Un Questionnaire Sant\u00e9-Sport obligatoire \u00e0 remplir lors de votre inscription aupr\u00e8s du Bureau.&nbsp;<\/mark><\/strong><\/p>\n\n\n\n<p style=\"padding-right:var(--wp--preset--spacing--80);padding-left:var(--wp--preset--spacing--80)\">Renseignements aupr\u00e8s du bureau du Foyer Rural d&rsquo;Arvert lors de nos permanences LUNDI \/ JEUDI \/ SAMEDI 9h30 &#8211; 12h00<\/p>\n\n\n\n<p class=\"has-text-align-center has-x-large-font-size\"><a href=\"https:\/\/www.foyerruralarvert.fr\/accueil\/activites\/\" data-type=\"page\" data-id=\"72\"><strong>Retour<\/strong><img loading=\"lazy\" decoding=\"async\" width=\"50\" height=\"50\" class=\"wp-image-577\" style=\"width: 50px;\" src=\"https:\/\/www.foyerruralarvert.fr\/wp-content\/uploads\/2024\/03\/retour.png\" alt=\"\" srcset=\"https:\/\/www.foyerruralarvert.fr\/wp-content\/uploads\/2024\/03\/retour.png 256w, https:\/\/www.foyerruralarvert.fr\/wp-content\/uploads\/2024\/03\/retour-150x150.png 150w\" sizes=\"auto, (max-width: 50px) 100vw, 50px\" \/><\/a><\/p>\n\n\n\n<p><\/p>\n","protected":false},"excerpt":{"rendered":"<p>Animatrice : Carole LOUISResponsable : Nicole Gellie&nbsp;tel : 06 33 55 28 19&nbsp; email : 46maminou@orange.fr Quand ? Mardi de 11h00 \u00e0 12h00 (sauf vacances scolaires) Jeudi de 11h30 \u00e0 [&hellip;]<\/p>\n","protected":false},"author":1,"featured_media":0,"parent":0,"menu_order":0,"comment_status":"open","ping_status":"closed","template":"","meta":{"_uag_custom_page_level_css":"","site-sidebar-layout":"default","site-content-layout":"","ast-site-content-layout":"default","site-content-style":"default","site-sidebar-style":"default","ast-global-header-display":"","ast-banner-title-visibility":"","ast-main-header-display":"","ast-hfb-above-header-display":"","ast-hfb-below-header-display":"","ast-hfb-mobile-header-display":"","site-post-title":"","ast-breadcrumbs-content":"","ast-featured-img":"","footer-sml-layout":"","ast-disable-related-posts":"","theme-transparent-header-meta":"","adv-header-id-meta":"","stick-header-meta":"","header-above-stick-meta":"","header-main-stick-meta":"","header-below-stick-meta":"","astra-migrate-meta-layouts":"default","ast-page-background-enabled":"default","ast-page-background-meta":{"desktop":{"background-color":"var(--ast-global-color-4)","background-image":"","background-repeat":"repeat","background-position":"center center","background-size":"auto","background-attachment":"scroll","background-type":"","background-media":"","overlay-type":"","overlay-color":"","overlay-opacity":"","overlay-gradient":""},"tablet":{"background-color":"","background-image":"","background-repeat":"repeat","background-position":"center center","background-size":"auto","background-attachment":"scroll","background-type":"","background-media":"","overlay-type":"","overlay-color":"","overlay-opacity":"","overlay-gradient":""},"mobile":{"background-color":"","background-image":"","background-repeat":"repeat","background-position":"center center","background-size":"auto","background-attachment":"scroll","background-type":"","background-media":"","overlay-type":"","overlay-color":"","overlay-opacity":"","overlay-gradient":""}},"ast-content-background-meta":{"desktop":{"background-color":"var(--ast-global-color-5)","background-image":"","background-repeat":"repeat","background-position":"center center","background-size":"auto","background-attachment":"scroll","background-type":"","background-media":"","overlay-type":"","overlay-color":"","overlay-opacity":"","overlay-gradient":""},"tablet":{"background-color":"var(--ast-global-color-5)","background-image":"","background-repeat":"repeat","background-position":"center center","background-size":"auto","background-attachment":"scroll","background-type":"","background-media":"","overlay-type":"","overlay-color":"","overlay-opacity":"","overlay-gradient":""},"mobile":{"background-color":"var(--ast-global-color-5)","background-image":"","background-repeat":"repeat","background-position":"center center","background-size":"auto","background-attachment":"scroll","background-type":"","background-media":"","overlay-type":"","overlay-color":"","overlay-opacity":"","overlay-gradient":""}},"footnotes":""},"class_list":["post-74","page","type-page","status-publish","hentry"],"uagb_featured_image_src":{"full":false,"thumbnail":false,"medium":false,"medium_large":false,"large":false,"1536x1536":false,"2048x2048":false},"uagb_author_info":{"display_name":"foyerrural","author_link":"https:\/\/www.foyerruralarvert.fr\/accueil\/author\/foyerrural\/"},"uagb_comment_info":0,"uagb_excerpt":"Animatrice : Carole LOUISResponsable : Nicole Gellie&nbsp;tel : 06 33 55 28 19&nbsp; email : 46maminou@orange.fr Quand ? Mardi de 11h00 \u00e0 12h00 (sauf vacances scolaires) Jeudi de 11h30 \u00e0 [&hellip;]","_links":{"self":[{"href":"https:\/\/www.foyerruralarvert.fr\/accueil\/wp-json\/wp\/v2\/pages\/74","targetHints":{"allow":["GET"]}}],"collection":[{"href":"https:\/\/www.foyerruralarvert.fr\/accueil\/wp-json\/wp\/v2\/pages"}],"about":[{"href":"https:\/\/www.foyerruralarvert.fr\/accueil\/wp-json\/wp\/v2\/types\/page"}],"author":[{"embeddable":true,"href":"https:\/\/www.foyerruralarvert.fr\/accueil\/wp-json\/wp\/v2\/users\/1"}],"replies":[{"embeddable":true,"href":"https:\/\/www.foyerruralarvert.fr\/accueil\/wp-json\/wp\/v2\/comments?post=74"}],"version-history":[{"count":16,"href":"https:\/\/www.foyerruralarvert.fr\/accueil\/wp-json\/wp\/v2\/pages\/74\/revisions"}],"predecessor-version":[{"id":4248,"href":"https:\/\/www.foyerruralarvert.fr\/accueil\/wp-json\/wp\/v2\/pages\/74\/revisions\/4248"}],"wp:attachment":[{"href":"https:\/\/www.foyerruralarvert.fr\/accueil\/wp-json\/wp\/v2\/media?parent=74"}],"curies":[{"name":"wp","href":"https:\/\/api.w.org\/{rel}","templated":true}]}}

<div class="wp-block-uagb-image aligncenter uagb-block-429cc3f3 wp-block-uagb-image--layout-default wp-block-uagb-image--effect-static wp-block-uagb-image--align-center"><figure class="wp-block-uagb-image__figure"><img decoding="async" srcset="https://www.foyerruralarvert.fr/wp-content/uploads/2024/10/gym-1024x683.jpg ,https://www.foyerruralarvert.fr/wp-content/uploads/2024/10/gym-scaled.jpg 780w, https://www.foyerruralarvert.fr/wp-content/uploads/2024/10/gym-scaled.jpg 360w" sizes="auto, (max-width: 480px) 150px" src="https://www.foyerruralarvert.fr/wp-content/uploads/2024/10/gym-1024x683.jpg" alt="" class="uag-image-1565" width="655" height="436" title="gym" loading="lazy" role="img"/></figure></div>



<p class="has-text-align-center has-medium-font-size"><br><strong>Animatrice : Carole LOUIS</strong><br><strong>Responsable : Nicole Gellie&nbsp;tel : 06 33 55 28 19&nbsp;<br> email : 46maminou@orange.fr</strong><br> <br></p>



<p class="has-text-align-center has-medium-font-size" style="padding-right:var(--wp--preset--spacing--80);padding-left:var(--wp--preset--spacing--80)"><strong>Quand ?  </strong><br><strong>Mardi de 11h00 à 12h00 (sauf vacances scolaires) </strong><br><strong>Jeudi de 11h30 à 12h30 ( sauf vacances scolaires )</strong><br> Une seconde séance se tient le mardi de 11h00 à 12h00 mais uniquement pour les personnes souhaitant participer aux 2 séances par semaine. <br><strong>Où ?       Gymnase d&rsquo;ARVERT, salle de danse</strong></p>



<p class="has-medium-font-size" style="padding-right: var(--wp--preset--spacing--80); padding-left: var(--wp--preset--spacing--80);"><mark class="has-inline-color" style="background-color: rgba(0, 0, 0, 0); color: #ff1212;"><strong>Tarifs : 160 € pour l&rsquo;année pour 1 séance par semaine</strong> </mark><br /><strong><mark class="has-inline-color" style="background-color: rgba(0, 0, 0, 0); color: #f90606;">         305 € pour l&rsquo;année pour 2 séances par semaine </mark></strong><br />Possibilité de règlement par 3 chèques <br />Tarifs préférentiels sur présentation de votre avis d&rsquo;imposition (quotient familial)</p>



<p class="has-medium-font-size" style="padding-right:var(--wp--preset--spacing--80);padding-left:var(--wp--preset--spacing--80)"><strong><mark style="background-color:rgba(0, 0, 0, 0);color:#f10202" class="has-inline-color">Un Questionnaire Santé-Sport obligatoire à remplir lors de votre inscription auprès du Bureau.&nbsp;</mark></strong></p>



<p style="padding-right:var(--wp--preset--spacing--80);padding-left:var(--wp--preset--spacing--80)">Renseignements auprès du bureau du Foyer Rural d&rsquo;Arvert lors de nos permanences LUNDI / JEUDI / SAMEDI 9h30 &#8211; 12h00</p>



<p class="has-text-align-center has-x-large-font-size"><a href="https://www.foyerruralarvert.fr/accueil/activites/" data-type="page" data-id="72"><strong>Retour</strong><img loading="lazy" decoding="async" width="50" height="50" class="wp-image-577" style="width: 50px;" src="https://www.foyerruralarvert.fr/wp-content/uploads/2024/03/retour.png" alt="" srcset="https://www.foyerruralarvert.fr/wp-content/uploads/2024/03/retour.png 256w, https://www.foyerruralarvert.fr/wp-content/uploads/2024/03/retour-150x150.png 150w" sizes="auto, (max-width: 50px) 100vw, 50px" /></a></p>



<p></p>

<p>Animatrice : Carole LOUISResponsable : Nicole Gellie&nbsp;tel : 06 33 55 28 19&nbsp; email : 46maminou@orange.fr Quand ? Mardi de 11h00 à 12h00 (sauf vacances scolaires) Jeudi de 11h30 à [&hellip;]</p>

Animatrice : Carole LOUISResponsable : Nicole Gellie&nbsp;tel : 06 33 55 28 19&nbsp; email : 46maminou@orange.fr Quand ? Mardi de 11h00 à 12h00 (sauf vacances scolaires) Jeudi de 11h30 à [&hellip;]
